{"id":7592,"date":"2011-03-18T12:19:19","date_gmt":"2011-03-18T12:19:19","guid":{"rendered":"http:\/\/www.ateny.deon.pl\/?page_id=233"},"modified":"2023-09-16T18:19:50","modified_gmt":"2023-09-16T15:19:50","slug":"informacje-2","status":"publish","type":"page","link":"https:\/\/ateny.jezuici.pl\/?page_id=7592","title":{"rendered":"Informacje"},"content":{"rendered":"<p><!-- [if gte mso 9]&gt;--><\/p>\n<p><!-- [if gte mso 9]&gt;--><\/p>\n<p class=\"MsoNoSpacing\" style=\"text-align: center\" align=\"center\"><a href=\"http:\/\/www.ateny.jezuici.pl\/?page_id=290\">Msze \u015bw. i nabo\u017ce\u0144stwa<\/a><\/p>\n<p class=\"MsoNoSpacing\" style=\"text-align: center\" align=\"center\"><a href=\"http:\/\/www.ateny.jezuici.pl\/?page_id=669\">Pos\u0142uguj\u0105cy<\/a><\/p>\n<p class=\"MsoNoSpacing\" style=\"text-align: center\" align=\"center\"><a href=\"http:\/\/www.ateny.jezuici.pl\/?page_id=129\">Katolicy w Grecji<\/a><\/p>\n<p class=\"MsoNoSpacing\" style=\"text-align: center\" align=\"center\"><a href=\"http:\/\/www.ateny.jezuici.pl\/?page_id=135\">Kontakt<\/a><\/p>\n<p class=\"MsoNoSpacing\" style=\"text-align: center\" align=\"center\">&nbsp;<\/p>\n","protected":false},"excerpt":{"rendered":"<p>Msze \u015bw. i nabo\u017ce\u0144stwa Pos\u0142uguj\u0105cy Katolicy w Grecji Kontakt &nbsp;<\/p>\n","protected":false},"author":228,"featured_media":0,"parent":0,"menu_order":1,"comment_status":"closed","ping_status":"closed","template":"","meta":{"ngg_post_thumbnail":0,"footnotes":""},"class_list":["post-7592","page","type-page","status-publish","hentry"],"aioseo_notices":[],"_links":{"self":[{"href":"https:\/\/ateny.jezuici.pl\/index.php?rest_route=\/wp\/v2\/pages\/7592","targetHints":{"allow":["GET"]}}],"collection":[{"href":"https:\/\/ateny.jezuici.pl\/index.php?rest_route=\/wp\/v2\/pages"}],"about":[{"href":"https:\/\/ateny.jezuici.pl\/index.php?rest_route=\/wp\/v2\/types\/page"}],"author":[{"embeddable":true,"href":"https:\/\/ateny.jezuici.pl\/index.php?rest_route=\/wp\/v2\/users\/228"}],"replies":[{"embeddable":true,"href":"https:\/\/ateny.jezuici.pl\/index.php?rest_route=%2Fwp%2Fv2%2Fcomments&post=7592"}],"version-history":[{"count":4,"href":"https:\/\/ateny.jezuici.pl\/index.php?rest_route=\/wp\/v2\/pages\/7592\/revisions"}],"predecessor-version":[{"id":9398,"href":"https:\/\/ateny.jezuici.pl\/index.php?rest_route=\/wp\/v2\/pages\/7592\/revisions\/9398"}],"wp:attachment":[{"href":"https:\/\/ateny.jezuici.pl\/index.php?rest_route=%2Fwp%2Fv2%2Fmedia&parent=7592"}],"curies":[{"name":"wp","href":"https:\/\/api.w.org\/{rel}","templated":true}]}}

<p><!-- [if gte mso 9]&gt;--></p>
<p><!-- [if gte mso 9]&gt;--></p>
<p class="MsoNoSpacing" style="text-align: center" align="center"><a href="http://www.ateny.jezuici.pl/?page_id=290">Msze św. i nabożeństwa</a></p>
<p class="MsoNoSpacing" style="text-align: center" align="center"><a href="http://www.ateny.jezuici.pl/?page_id=669">Posługujący</a></p>
<p class="MsoNoSpacing" style="text-align: center" align="center"><a href="http://www.ateny.jezuici.pl/?page_id=129">Katolicy w Grecji</a></p>
<p class="MsoNoSpacing" style="text-align: center" align="center"><a href="http://www.ateny.jezuici.pl/?page_id=135">Kontakt</a></p>
<p class="MsoNoSpacing" style="text-align: center" align="center">&nbsp;</p>

<p>Msze św. i nabożeństwa Posługujący Katolicy w Grecji Kontakt &nbsp;</p>
