{"id":582,"date":"2011-03-26T15:41:22","date_gmt":"2011-03-26T15:41:22","guid":{"rendered":"http:\/\/www.ateny.deon.pl\/?page_id=582"},"modified":"2011-05-21T05:24:12","modified_gmt":"2011-05-21T05:24:12","slug":"life_style","status":"publish","type":"page","link":"https:\/\/ateny.jezuici.pl\/?page_id=582","title":{"rendered":"Life-style"},"content":{"rendered":"<p style=\"text-align: center;\"><a href=\"https:\/\/ateny.jezuici.pl\/files\/2011\/03\/134394_181597178529329_100000371442474_511805_2139244_o.jpg\"><img loading=\"lazy\" decoding=\"async\" alt=\"\" class=\"alignleft size-medium wp-image-583\" height=\"225\" src=\"https:\/\/ateny.jezuici.pl\/files\/2011\/03\/134394_181597178529329_100000371442474_511805_2139244_o-300x225.jpg\" title=\"134394_181597178529329_100000371442474_511805_2139244_o\" width=\"300\" srcset=\"https:\/\/ateny.jezuici.pl\/files\/2011\/03\/134394_181597178529329_100000371442474_511805_2139244_o-300x225.jpg 300w, https:\/\/ateny.jezuici.pl\/files\/2011\/03\/134394_181597178529329_100000371442474_511805_2139244_o-1024x768.jpg 1024w, https:\/\/ateny.jezuici.pl\/files\/2011\/03\/134394_181597178529329_100000371442474_511805_2139244_o.jpg 2048w\" sizes=\"auto, (max-width: 300px) 100vw, 300px\" \/><\/a><\/p>\n<p style=\"text-align: center;\">&nbsp;<\/p>\n<p style=\"text-align: center;\"><span style=\"font-size:18px;\"><span style=\"font-family: verdana,geneva,sans-serif;\"><strong><span style=\"color: rgb(255, 153, 0);\">LIFE-STYLE<\/span><\/strong><\/span><\/span><\/p>\n<p style=\"text-align: center;\"><span style=\"font-size:18px;\"><span style=\"font-family: verdana,geneva,sans-serif;\"><br \/>\n\t<\/span><\/span><\/p>\n<p style=\"text-align: center;\"><span style=\"font-size:18px;\"><span style=\"font-family: verdana,geneva,sans-serif;\"><span style=\"color: rgb(255, 153, 0);\">Chrystus przemienia punkt widzenia!<\/span><\/span><\/span><\/p>\n<p style=\"text-align: center;\"><span style=\"font-size:18px;\"><span style=\"font-family: verdana,geneva,sans-serif;\"><span style=\"color: rgb(255, 153, 0);\">Chrze\u015bcija\u0144ski styl bycia to nie chwilowa moda.<\/span><\/span><\/span><\/p>\n<p style=\"text-align: center;\"><span style=\"font-size:18px;\"><span style=\"font-family: verdana,geneva,sans-serif;\"><span style=\"color: rgb(255, 153, 0);\">To postawa, kt&oacute;ra sw&oacute;j korze\u0144 ma w Nim! \u015awiadectwa, opinie, zdarzenia&hellip;<\/span><\/span><\/span><\/p>\n<p style=\"text-align: center;\"><span style=\"font-size:18px;\"><span style=\"font-family: verdana,geneva,sans-serif;\"><span style=\"color: rgb(255, 153, 0);\"><em>&bdquo;\u017by\u0107, aby kocha\u0107. Kocha\u0107, aby \u017cy\u0107. Jedyna droga, w\u0105ska \u015bcie\u017cka.&rdquo; \/Maleo\/<\/em><\/span><\/span><\/span><\/p>\n<p style=\"text-align: center;\">&nbsp;<\/p>\n<h2><span style=\"font-family:verdana,geneva,sans-serif;\"><span style=\"color: rgb(255, 140, 0);\">OAZOWICZ POTRAFI &#8211; &bdquo;MEJD in CZAJNA&rdquo;<\/span><\/span><\/h2>\n<p><a href=\"https:\/\/ateny.jezuici.pl\/files\/2011\/03\/183_hx_made_in_china_928_20090512144953_7601.jpg\"><img loading=\"lazy\" decoding=\"async\" alt=\"\" class=\"alignleft size-full wp-image-2104\" height=\"232\" src=\"https:\/\/ateny.jezuici.pl\/files\/2011\/03\/183_hx_made_in_china_928_20090512144953_7601.jpg\" title=\"183_hx_made_in_china_928_20090512144953_7601\" width=\"351\" srcset=\"https:\/\/ateny.jezuici.pl\/files\/2011\/03\/183_hx_made_in_china_928_20090512144953_7601.jpg 351w, https:\/\/ateny.jezuici.pl\/files\/2011\/03\/183_hx_made_in_china_928_20090512144953_7601-300x198.jpg 300w\" sizes=\"auto, (max-width: 351px) 100vw, 351px\" \/><\/a><\/p>\n<p class=\"lead\">&nbsp;<\/p>\n<p class=\"lead\"><span style=\"font-family:verdana,geneva,sans-serif;\"><span style=\"font-size: 18px;\"><strong>W \u0141odzi, Poznaniu i Warszawie odb\u0119dzie si\u0119 akcja &bdquo;Mejd in Czajna&rdquo;. Inicjatywa ma zwr&oacute;ci\u0107 uwag\u0119 Polak&oacute;w na trudn\u0105 sytuacj\u0119 chrze\u015bcijan w Chinach. Jednym z jej element&oacute;w b\u0119dzie gra w Chi\u0144czyka.<\/strong><\/span><\/span><\/p>\n<p><span style=\"font-family:verdana,geneva,sans-serif;\"><span style=\"font-size: 18px;\">Wydarzenie organizowane przez Diakoni\u0119 Misyjn\u0105 Ruchu \u015awiat\u0142o-\u017bycie zwi\u0105zane jest z obchodzonym 24 maja Dniem Modlitw za Ko\u015bci&oacute;\u0142 w Chinach.&nbsp;&nbsp;&nbsp; <a href=\"http:\/\/ekai.pl\/diecezje\/poznanska\/x41954\/mejd-in-czajna\/\"><span style=\"font-size:16px;\">Czytaj wi\u0119cej &gt;&gt;<\/span><\/a><br \/>\n\t<\/span><\/span><\/p>\n<p>&nbsp;<\/p>\n<hr \/>\n<hr \/>\n<p>&nbsp;<\/p>\n<p style=\"text-align: left;\"><span style=\"font-size:18px;\"><span style=\"font-family: verdana,geneva,sans-serif;\"><strong><span style=\"color: rgb(255, 153, 0);\">NIECH SI\u0118 STANIE CZYSTO\u015a\u0106!!!<\/span><\/strong> W dobie komputer&oacute;w i nowoczesnej technologii, w \u015bwiecie pe\u0142nym erotyzmu, czysto\u015b\u0107 wydaje si\u0119 by\u0107 prze\u017cytkiem, a przyznanie si\u0119 do dziewictwa wzbudza wielkie sensacje. M\u0142odzie\u017c, kt&oacute;ra powinna czerpa\u0107 dobry przyk\u0142ad z zachowania doros\u0142ych, cz\u0119sto tych wzorc&oacute;w nie ma. Zdarza si\u0119, \u017ce m\u0142odzi i zagubieni, <strong>szukaj\u0105c prawdziwej mi\u0142o\u015bci<\/strong>, znajduj\u0105 tylko jej imitacje we wsp&oacute;\u0142\u017cyciu z drug\u0105 osob\u0105. Na szcz\u0119\u015bcie powstaje coraz wi\u0119cej ruch&oacute;w, kt&oacute;re pomagaj\u0105 zrozumie\u0107 m\u0142odym, na czym polega prawdziwa mi\u0142o\u015b\u0107, propaguj\u0105c przy tym zachowanie czysto\u015bci do \u015blubu. W Polsce kilka lat temu za\u0142o\u017cono <strong>Ruch Czystych Serc<\/strong>, kt&oacute;ry powsta\u0142 w celu zwalczania demoralizacji m\u0142odzie\u017cy przez media. Inicjatywa zrodzi\u0142a si\u0119 w redakcji gazety &quot;Mi\u0142ujcie si\u0119!&quot; i do tej pory do RCS do\u0142\u0105czy\u0142o ponad 5,5 tys. ludzi z ca\u0142ego \u015bwiata. Jak pisa\u0142 \u015bw. Jan Bosko, przyjaciel m\u0142odzie\u017cy: &quot;Ka\u017cda cnota jest cennym ornamentem duszy i czyni ja droga Bogu i ludziom. Ale \u015bwi\u0119ta <strong>czysto\u015b\u0107 jest kr&oacute;low\u0105 cn&oacute;t<\/strong>, anielsk\u0105 cnot\u0105, klejnotem tak cennym, \u017ce ci, kt&oacute;rzy j\u0105 posiadaj\u0105 staj\u0105 si\u0119 jak anio\u0142owie Bo\u017cy w niebie, cho\u0107 jeszcze ubrani w \u015bmiertelne cia\u0142o.&quot;<\/span><\/span><\/p>\n<p style=\"text-align: left;\"><span style=\"font-size:18px;\"><span style=\"font-family: verdana,geneva,sans-serif;\"><br \/>\n\t<\/span><\/span><\/p>\n<p style=\"text-align: left;\"><span style=\"font-size:18px;\"><span style=\"font-family: verdana,geneva,sans-serif;\">R&oacute;wnie\u017c zesp&oacute;\u0142 <strong>LOVE STORY<\/strong>, o kt&oacute;rym us\u0142ysza\u0142am na jednym ze spotka\u0144 oazowych nawo\u0142uje w swoich utworach do zachowania czysto\u015bci przedma\u0142\u017ce\u0144skiej. Jest to bardzo dobry spos&oacute;b dotarcia do m\u0142odych os&oacute;b, kt&oacute;re jeszcze nie wsp&oacute;\u0142\u017cy\u0142y i przekazania im tej najwi\u0119kszej warto\u015bci, jaka jest czysto\u015b\u0107. Wszystkie teksty piosenek nios\u0105 ze sob\u0105 pi\u0119kny przekaz, aby dochowa\u0107 wierno\u015bci swojej drugiej po\u0142&oacute;wce i dopiero z b\u0142ogos\u0142awie\u0144stwem Boga cieszy\u0107 si\u0119 w pe\u0142ni swoja czysta mi\u0142o\u015bci\u0105. Jak m&oacute;wi\u0105 s\u0142owa jednej z piosenek: &quot;Powiedziano, \u017ce mi\u0142o\u015b\u0107 to jest blef.\/ Zakodowano, \u017ce mi\u0142o\u015b\u0107 wyra\u017ca \u015bci\u015ble seks,\/ Ta definicja wyra\u017anie rani nasze ambicje\/ <strong>My chcemy kocha\u0107 wiecznie!<\/strong>&quot; &nbsp;Jest to tylko jedna z kilku piosenek nagranych przez ten zesp&oacute;\u0142. Utwory nie tylko maja warto\u015bciowe teksty z pi\u0119knym przekazem, ale tak\u017ce muzyk\u0119, kt&oacute;ra wpada w ucho i sprawia, \u017ce z&nbsp;przyjemno\u015bci\u0105 s\u0142uchamy s\u0142&oacute;w z niej p\u0142yn\u0105cych.<\/span><\/span><\/p>\n<p style=\"text-align: left;\"><span style=\"font-size:18px;\"><span style=\"font-family: verdana,geneva,sans-serif;\"><br \/>\n\t<\/span><\/span><\/p>\n<p style=\"text-align: left;\"><span style=\"font-size:18px;\"><span style=\"font-family: verdana,geneva,sans-serif;\">Chcia\u0142abym da\u0107 moje kr&oacute;tkie \u015bwiadectwo na temat moich odczu\u0107. Ot&oacute;\u017c, gdy pierwszy raz us\u0142ysza\u0142am ich piosenk\u0119, zaintrygowa\u0142a mnie, dlatego postanowi\u0142am poszuka\u0107 w internecie innych piosenek tego zespo\u0142u. Wszystkie okaza\u0142y si\u0119 strza\u0142em w &bdquo;10&rdquo;, tym, czego potrzebowa\u0142am. Poniewa\u017c sama jestem w Ruchu Czystych Serc i czasami ci\u0119\u017cko by\u0142o mi si\u0119 przyznawa\u0107 do tego, \u017ce chc\u0119 zachowa\u0107 czysto\u015b\u0107 do \u015blubu. Po wys\u0142uchaniu tych piosenek zrozumia\u0142am, \u017ce to by\u0142 b\u0142\u0105d. Doda\u0142y mi one odwagi i&nbsp;tylko potwierdzi\u0142y, \u017ce dokona\u0142am m\u0105drego wyboru. Teraz jest mi \u0142atwiej zmierzy\u0107 si\u0119 z reakcj\u0105 moich r&oacute;wie\u015bnik&oacute;w i swoj\u0105 decyzj\u0105 pokazuj\u0119, \u017ce wcale nie sta\u0142am si\u0119 przez to gorsza, bo nie mam do\u015bwiadczenia &quot;w tym&quot;, wr\u0119cz przeciwnie.<\/span><\/span><\/p>\n<p style=\"text-align: left;\"><span style=\"font-size:18px;\"><span style=\"font-family: verdana,geneva,sans-serif;\"><strong>&quot;Wiem, serio, wiem, ile trzeba w tym silnej woli. Lecz najpierw chc\u0119&nbsp;dobrze&nbsp;zmys\u0142y&nbsp;i&nbsp;serce&nbsp;swe&nbsp;nastroi\u0107&#8230;&quot;<\/strong> Za&nbsp;to&nbsp;chwa\u0142a&nbsp;Panu!<\/span><\/span><\/p>\n<p style=\"text-align: left;\"><span style=\"font-size:18px;\"><span style=\"font-family: verdana,geneva,sans-serif;\">Dlatego zach\u0119cam wszystkich do refleksji na swoim \u017cyciem przy piosenkach tego zespo\u0142u, bo naprawd\u0119 warto. Swoj\u0105 postaw\u0105 i dzia\u0142aniem pokazuj\u0105, \u017ce czysto\u015b\u0107 jest w cenie. Jak powiedzia\u0142 \u015bw. Leonard z Porto Maurizio &quot;Jedna dziewica, czysta dusz\u0105 i cia\u0142em jest warta wi\u0119cej ni\u017c wszystkie kr&oacute;lowe \u015bwiata ze swoimi bogactwami.&quot; Zachowuj\u0105c czysto\u015b\u0107 uczymy ch\u0142opaka szacunku do siebie. A prawdziwa mi\u0142o\u015b\u0107 nie potrzebuje dowod&oacute;w, do niej trzeba dorosn\u0105\u0107. B\u0142. Karolina K&oacute;zk&oacute;wna jest patronk\u0105 dziewic, dlatego gdy brakuje nam si\u0142 mo\u017cemy powierzy\u0107 si\u0119 jej opiece, by pomog\u0142a nam wytrwa\u0107 w czysto\u015bci, kt&oacute;ra przygotowuje nas do udanego wsp&oacute;\u0142\u017cycia w ma\u0142\u017ce\u0144stwie. Na koniec chcia\u0142abym zacytowa\u0107 s\u0142owa Matki Teresy z Kalkuty: &quot;Najwi\u0119kszy dar &#8211; o ile wi\u0119kszy ni\u017c pieni\u0105dze, ni\u017c posag &#8211; jaki mo\u017cecie sobie ofiarowa\u0107 w dzie\u0144 \u015blubu, to czyste serce, to dziewicze cia\u0142a. (&#8230;) <strong>Serce czyste to serce radosne i wolne<\/strong>.&quot; Dlatego zach\u0119cam przede wszystkim m\u0142odych ludzi do zachowania najcenniejszego daru od Boga &#8211; CZYSTOSCI, kt&oacute;ra jest w&nbsp;cenie! Prze\u017cy\u0107 sw&oacute;j PIERWSZY RAZ w noc po\u015blubn\u0105? <strong>BEZCENNE! <\/strong><em>Julka<\/em><\/span><\/span><\/p>\n<p><span style=\"font-size:18px;\"><span style=\"font-family: verdana,geneva,sans-serif;\"><em>CHCESZ POCZYTA\u0106 WI\u0118CEJ?<\/em> <em> <\/em> <a href=\"http:\/\/rodzina.opoka.org.pl\/przyjaznkochanie\/bezcenzury\/4047.1,index.html\" target=\"_blank\" title=\"www.rodzinna.opoka.org.pl\"><em> <\/em><\/a><em><a href=\"www.myspace.com\/storylove\" target=\"_blank\" title=\"storylove\">www.myspace.com\/storylove<\/a><\/em> <em><a href=\"http:\/\/www.rcs.org.pl\/\">www.rcs.org.pl<\/a><\/em><\/span><\/span><\/p>\n<p style=\"text-align: center;\"><span style=\"font-size:18px;\"><span style=\"font-family: verdana,geneva,sans-serif;\"><em>POS\u0141UCHAJ!<\/em><\/span><\/span><\/p>\n<p><span style=\"font-size:18px;\"><span style=\"font-family: verdana,geneva,sans-serif;\">[youtube]http:\/\/www.youtube.com\/watch?v=UzkcmwAlrxM&amp;feature=related[\/youtube] &nbsp; <\/span><\/span><\/p>\n<hr \/>\n<hr \/>\n<p><span style=\"font-size: 18px;\"><span style=\"font-family: verdana,geneva,sans-serif;\"><a href=\"https:\/\/ateny.jezuici.pl\/files\/2011\/03\/oaza-siostra.jpg\"><img loading=\"lazy\" decoding=\"async\" alt=\"\" class=\"alignleft size-large wp-image-412\" height=\"1024\" src=\"https:\/\/ateny.jezuici.pl\/files\/2011\/03\/oaza-siostra-682x1024.jpg\" title=\"oaza-siostra\" width=\"682\" srcset=\"https:\/\/ateny.jezuici.pl\/files\/2011\/03\/oaza-siostra-682x1024.jpg 682w, https:\/\/ateny.jezuici.pl\/files\/2011\/03\/oaza-siostra-200x300.jpg 200w\" sizes=\"auto, (max-width: 682px) 100vw, 682px\" \/><\/a> &nbsp; <span style=\"color: rgb(255, 153, 0);\"><strong>Poczt&oacute;wka z Rzymu<\/strong><\/span> Podczas pielgrzymki do Wiecznego Miasta prze\u017cy\u0142em wiele wzruszaj\u0105cych chwil. Do nich nale\u017ca\u0142y: audiencja u Ojca \u015awi\u0119tego Benedykta XVI, modlitwa nad grobem Jana Paw\u0142a II, nocne zwiedzanie zabytk&oacute;w Rzymu, z kt&oacute;rych najwi\u0119ksze wra\u017cenie zrobi\u0142a na mnie Bazylika \u015aw. Piotra. Wielu wspania\u0142ych prze\u017cy\u0107 dostarczy\u0142o nam spotkanie z rodzin\u0105 Polak&oacute;w, kt&oacute;rzy przyjechali z Niemiec. Do\u015bwiadczyli\u015bmy od nich nie tylko wielu wyraz&oacute;w sympatii, ale i pomocy. Mimo r&oacute;\u017cnicy wieku czuli\u015bmy si\u0119 z nimi jak z dobrymi starymi znajomymi. Odnosz\u0119 wra\u017cenie, \u017ce wszyscy Polacy przybywaj\u0105cy na plac \u015bw. Piotra solidaryzuj\u0105 si\u0119 ze sob\u0105 na znak \u0142\u0105czno\u015bci z Janem Paw\u0142em II. <span style=\"color: rgb(255, 153, 0);\"><em>JASIEK<\/em><\/span> Chwile sp\u0119dzone we W\u0142oszech wspominam bardzo mi\u0142o. By\u0142 to czas, w kt&oacute;rym skupili\u015bmy si\u0119 nie tylko na zwiedzaniu, ale tak\u017ce na zawi\u0105zaniu wsp&oacute;lnoty. Spotka\u0142o nas tam wiele przyjemno\u015bci oraz niesamowitych przyg&oacute;d. Wraz z grup\u0105 Oazowicz&oacute;w mieli\u015bmy okazje zobaczy\u0107 Ojca \u015awi\u0119tego i uczestniczy\u0107 w odprawianej przez niego Mszy. My\u015bl\u0119, \u017ce nigdy nie zapomn\u0119 momentu, gdy papie\u017c poda\u0142 mi swoj\u0105 d\u0142o\u0144. <span style=\"color: rgb(255, 153, 0);\"><em>NATALIA<\/em><\/span> Moim zdaniem wyjazd do Rzymu po tylu przej\u015bciach by\u0142 wa\u017cnym do\u015bwiadczeniem. Zwiedzili\u015bmy wiele pi\u0119knych miejsc w Watykanie, poznali\u015bmy dobrych ludzi o wielkim sercu, pomocnych i weso\u0142ych, a co najwa\u017cniejsze mia\u0142am okazje zobaczy\u0107 gr&oacute;b papie\u017ca Jana Paw\u0142a II i spotka\u0107 papie\u017ca Benedykta XVI. Na Mszy w Trzech Kr&oacute;li przydzielono nam miejsce blisko o\u0142tarza, obok kardyna\u0142&oacute;w, biskup&oacute;w, ksi\u0119\u017cy i innych ludzi oddanych Bogu &ndash; ja, Samanta, zwyk\u0142a dziewczyna siedzia\u0142am w 3 rz\u0119dzie od papie\u017ca i czu\u0142am si\u0119 wyj\u0105tkowa, najwa\u017cniejsza dla Boga&hellip; i \u017ce mnie kocha bezgranicznie&hellip; i wiem, \u017ce nadal tak jest&hellip; <span style=\"color: rgb(255, 153, 0);\"><em>SAMI<\/em><\/span> Czas kt&oacute;ry sp\u0119dzi\u0142em w Rzymie by\u0142 dla mnie wyj\u0105tkowy: du\u017co modlitwy, du\u017co wiadomo\u015bci i ciekawostek na temat naszego Katolickiego Ko\u015bcio\u0142a. W czasie wyjazdu zacz\u0105\u0142em czyta\u0107 Pismo \u015awi\u0119te, co wcze\u015bniej bardzo rzadko si\u0119 zdarza\u0142o. Dzi\u0119kuj\u0119 Panu Bogu za ten wyjazd, za to, \u017ce mogli\u015bmy z bliska zobaczy\u0107 G\u0142ow\u0119 naszego Ko\u015bcio\u0142a, za to, \u017ce wyjazd by\u0142 naprawd\u0119 udany i \u017ce wr&oacute;cili\u015bmy zdrowi. Chwa\u0142a Panu. <span style=\"color: rgb(255, 153, 0);\"><em>SYLWEK<\/em><\/span> Wznosz\u0119 swe oczy ku g&oacute;rom, sk\u0105d\u017ce nadejdzie mi pomoc&hellip; Podobno nasze kilka oazowych dni w Rzymie jest ju\u017c owiane legend\u0105&hellip; I dobrze! To naprawd\u0119 by\u0142 niezwyk\u0142y czas. Nie b\u0119dzie w tym przesady, gdy powiem, \u017ce oaza noworoczna swoje \u017ar&oacute;d\u0142o mia\u0142a w Bo\u017cym pomy\u015ble, a mo\u017ce i w Bo\u017cym Sercu. Ale zacznijmy od pocz\u0105tku. Ko\u0144cem pa\u017adziernika odebra\u0142am mailow\u0105 wiadomo\u015b\u0107 od ks. Ireneusza Kopacza z Carlsbergu, czy by\u015bmy si\u0119 z oaz\u0105 do Rzymu na Nowy Rok nie wybrali. Akcja &ndash; reakcja. Szybki &bdquo;wywiad \u015brodowiskowy&rdquo;. Decyzja &ndash; z pewno\u015bci\u0105 zbyt szalona&hellip; Jedziemy! No dobrze, ale jak? \u015aw. Franciszek nie mia\u0142 problemu. Do papie\u017ca poszed\u0142 pieszo, ale my nie mieli\u015bmy tyle czasu. Rachunek zysk&oacute;w i strat jeszcze raz z ca\u0142\u0105 pewno\u015bci\u0105 wykaza\u0142, \u017ce nale\u017cy bezgranicznie zaufa\u0107 Bo\u017cej Opatrzno\u015bci. &bdquo;A od czego jest Pan B&oacute;g na niebie?&rdquo; &ndash; jak mawia\u0142 s\u0142uga Bo\u017cy kard. August Hlond. Machina przygotowa\u0144 ruszy\u0142a. Kto zaufa\u0142, ten nie b\u0119dzie zawstydzony&hellip; Prze\u0142o\u017ceni wspania\u0142omy\u015blnie zgodzili si\u0119 na sprzeda\u017c p\u0142yt, tak by doch&oacute;d m&oacute;g\u0142 wesprze\u0107 t\u0119 inicjatyw\u0119. Hojno\u015b\u0107 parafian przekroczy\u0142a nasze naj\u015bmielsze oczekiwania. Pojawi\u0142o si\u0119 co\u015b wi\u0119cej ni\u017c \u015bwiate\u0142ko w tunelu. Podj\u0119li\u015bmy prac\u0119, by poczu\u0107 ten trud, przecie\u017c z Bo\u017cych r\u0105k \u017cyjemy, cho\u0107 naszymi pracujemy. Kilka dni sp\u0119dzonych razem w pracy na Monastirakach, po\u015br&oacute;d sklepowego kurzu te\u017c nas czego\u015b nauczy\u0142o. Pieni\u0105dze &ndash; zbyt ma\u0142o powiedzie\u0107 &ndash; to nie wszystko. Pieni\u0105dze &ndash; to nic! S\u0142owo Bo\u017ce si\u0119 nie myli, a my w Nim czytamy: wszystko jest mo\u017cliwe dla tego, kto wierzy. I my wierzymy, \u017ce przez \u017cyczliwo\u015b\u0107 wielu ludzi u\u015bmiechn\u0105\u0142 si\u0119 w tych dniach do nas sam B&oacute;g. Ucieszy\u0142em si\u0119, gdy mi powiedziano: &bdquo;P&oacute;jdziemy do domu Pana!&rdquo; I oto stoj\u0119 u bram Twoich, Jeruzalem Nowe, Ko\u015bciele \u015awi\u0119ty. Teraz b\u0119dzie kr&oacute;tka &bdquo;wycieczka osobista&rdquo;. Bo je\u015bli rekolekcje s\u0105 dobre, to nawracaj\u0105 si\u0119 w pierwszej kolejno\u015bci ci, kt&oacute;rzy s\u0105 zamieszani w ich prowadzenie. Dla mnie Bazylika \u015bw. Piotra na Watykanie jest jednym z tych miejsc, gdzie modlitwa &bdquo;sama p\u0142ynie&rdquo;, a Kr&oacute;lestwo Bo\u017ce, jak ziarno rzucone w ziemi\u0119, kie\u0142kuje. Pierwszy dzie\u0144 nowego roku, naznaczony udzia\u0142em w Eucharystii pod przewodnictwem Ojca \u015awi\u0119tego &ndash; i to niezwyk\u0142e spotkanie. Benedykt XVI przechodzi obok nas b\u0142ogos\u0142awi ma\u0142ej Madzi, kt&oacute;ra na oaz\u0119 przyjecha\u0142a z rodzink\u0105 z Niemiec. Dla mnie ten dzie\u0144 to przede wszystkim S\u0142owa, kt&oacute;re przysz\u0142y same: Ty jeste\u015b Piotr &ndash; Opoka i na tej Opoce zbuduj\u0119 m&oacute;j Ko\u015bci&oacute;\u0142, A BRAMY PIEKIELNE GO NIE PRZEMOG\u0104. Miejsce, gdzie S\u0142owo staje si\u0119 Cia\u0142em i s\u0105 na to fizyczne dowody (a czym innym jest o\u0142tarz wzniesiony kilka metr&oacute;w nad miejscem poch&oacute;wku \u015bw. Piotra?). I wierzcie mi, moje dzieciaki wysz\u0142y z tej Mszy \u015awi\u0119tej jakie\u015b inne. Nie b\u0119d\u0119 s\u0142odzi\u0107, potem przysz\u0142o trudne do\u015bwiadczenie. Niezadowolenie kilku os&oacute;b, jakie\u015b rozbicie wsp&oacute;lnoty. Na szcz\u0119\u015bcie rozstali\u015bmy si\u0119 w zgodzie. Wi\u0119kszo\u015b\u0107 z nas zosta\u0142a przy Pasterzu i wierz\u0119, \u017ce tak mia\u0142o si\u0119 sta\u0107. Historia potoczy\u0142a si\u0119 dalej prosto, po naszych krzywych liniach&hellip; odwiedzali\u015bmy miejsca, kt&oacute;re trudno znale\u017a\u0107 na szlakach biur turystycznych. Byli\u015bmy z polsk\u0105 kol\u0119d\u0105 u Gwardii Szwajcarskiej i najbli\u017cej papieskiego okna, jak tylko si\u0119 da\u0142o. Spotkali\u015bmy si\u0119 z ks. arcybiskupem Zimowskim w jednej z Dykasterii watyka\u0144skich. Ko\u015bci&oacute;\u0142ek Quo Vadis, gdzie \u015bw. Piotr zawr&oacute;ci\u0142 z drogi ucieczki, katakumby \u015bw. Kaliksta &ndash; wszystkie te miejsca, kt&oacute;rymi oddycha\u0142o m\u0142ode chrze\u015bcija\u0144stwo, gdzie rozwija\u0142 si\u0119 Ko\u015bci&oacute;\u0142 Chrystusa. Wreszcie u \u015bw. Jana na Lateranie prze\u017cyli\u015bmy Eucharysti\u0119 z w\u0142osk\u0105 grup\u0105 charyzmatyczn\u0105. Nauczyli\u015bmy si\u0119 na tej drodze prawdy o wsp&oacute;lnocie, w jednym Sercu mie\u015bci si\u0119 ka\u017cdy &ndash; maluchy: Madzia z Gabrysi\u0105, ich Rodzice, my, J&oacute;zef, kt&oacute;ry z dum\u0105 m&oacute;wi\u0142, \u017ce jest rzemie\u015blnikiem, ks. Ireneusz i Piotrek, m\u0142ody g&oacute;rnik z kopalni &bdquo;Wujek&rdquo;. Takiego sk\u0142adu nie wymy\u015bli\u0142by nikt. A jednak&hellip; ju\u017c po kilku dniach stali\u015bmy si\u0119 rodzin\u0105. Od naszego Ojca przewodnika, ks. Ireneusza, uczyli\u015bmy si\u0119 zatrzymania przy ka\u017cdym spotkanym cz\u0142owieku. Kontakt &ndash; rozmowa &ndash; t\u0105 drog\u0105 od zawsze rozprzestrzenia si\u0119 Ewangelia. Nie jest to miejsce na wyja\u015bnianie szczeg&oacute;\u0142&oacute;w naszego sp&oacute;\u017anienia na samolot i jakim cudem uzbierali\u015bmy na kolejny bilet, bo sama tego do ko\u0144ca poj\u0105\u0107 nie umiem. Wa\u017cniejsze s\u0105 skutki. Nasza watyka\u0144ska przygoda nie dobieg\u0142a w tym momencie ko\u0144ca. W \u015brod\u0119 s\u0142ynna audiencja \u015brodowa. I&hellip; najwi\u0119ksza niespodzianka (niekt&oacute;rzy nawet m&oacute;wili, \u017ce warto by\u0142o si\u0119 sp&oacute;\u017ani\u0107). Trzech Kr&oacute;li. Bazylika \u015bw. Piotra. Nie wypominaj\u0105c&hellip; biegli\u015bmy na ostatni\u0105 chwil\u0119 z wywieszonym j\u0119zykiem. Za dwadzie\u015bcia &ndash; ko\u015bci&oacute;\u0142 pe\u0142en&hellip; Z b\u0142agaj\u0105cym wzrokiem i &bdquo;zielon\u0105&rdquo; wej\u015bci&oacute;wk\u0105 t\u0142umacz\u0119 na migi, \u017ce mo\u017ce nas jako\u015b by wpu\u015bcili do t\u0142umu. Gest ochroniarza, \u017ce mamy i\u015b\u0107 dalej i puszcza nas samym \u015brodkiem bazyliki. &hellip;&hellip;&hellip;&hellip;&hellip;&hellip;..? Dok\u0142adnie takie mieli\u015bmy miny. Dalej ju\u017c by\u0142o tylko: &bdquo;Prosz\u0119 dalej&rdquo; i kiedy znale\u017ali\u015bmy si\u0119 &bdquo;na wysoko\u015bci&rdquo; biskup&oacute;w i kardyna\u0142&oacute;w zrobi\u0142o mi si\u0119 autentycznie s\u0142abo. Wiadomo, nie chodzi o to, blisko, czy daleko, ale to nie tylko moje przekonanie &ndash; dostali\u015bmy wielki znak z nieba. <span style=\"color: rgb(255, 153, 0);\"><strong>DEO GRATIAS&hellip;<\/strong><\/span> Dzi\u0119ki Bogu i dzi\u0119ki ludziom&hellip; Ks. Ireneuszowi &ndash; za zaproszenie, Rodzicom, Prze\u0142o\u017conym i OO. Jezuitom &ndash; za b\u0142ogos\u0142awie\u0144stwo, Drogim Parafianom &ndash; za wsparcie materialne, Kom&oacute;rkom Ewangelizacji &ndash; za modlitw\u0119, Agnieszce Markowskiej &ndash; za bilety, Marii \u0141api\u0144skiej &ndash; za ubezpieczenie, Gosi Pliszce &ndash; za wsp&oacute;ln\u0105, jak\u017ce radosn\u0105 prac\u0119 i za &bdquo;co\u015b jeszcze&rdquo;. I dla wszystkich, kt&oacute;rzy za nas si\u0119 modl\u0105 i o nas \u017cyczliwie my\u015bl\u0105&hellip; dla Was ta nieco obszerna <em>POCZT&Oacute;WKA Z RZYMU<\/em>. <span style=\"color: rgb(255, 153, 0);\"><em> <\/em><\/span><\/span><\/span><\/p>\n","protected":false},"excerpt":{"rendered":"<p>&nbsp; LIFE-STYLE Chrystus przemienia punkt widzenia! Chrze\u015bcija\u0144ski styl bycia to nie chwilowa moda. To postawa, kt&oacute;ra sw&oacute;j korze\u0144 ma w Nim! \u015awiadectwa, opinie, zdarzenia&hellip; &bdquo;\u017by\u0107, aby kocha\u0107. Kocha\u0107, aby \u017cy\u0107. Jedyna droga, w\u0105ska \u015bcie\u017cka.&rdquo; \/Maleo\/ &nbsp; OAZOWICZ POTRAFI &#8211; &bdquo;MEJD in CZAJNA&rdquo; &nbsp; W \u0141odzi, Poznaniu i Warszawie odb\u0119dzie si\u0119 akcja &bdquo;Mejd in Czajna&rdquo;. Inicjatywa [&hellip;]<\/p>\n","protected":false},"author":228,"featured_media":0,"parent":417,"menu_order":2,"comment_status":"closed","ping_status":"closed","template":"onecolumn-page.php","meta":{"ngg_post_thumbnail":0,"footnotes":""},"class_list":["post-582","page","type-page","status-publish","hentry"],"aioseo_notices":[],"_links":{"self":[{"href":"https:\/\/ateny.jezuici.pl\/index.php?rest_route=\/wp\/v2\/pages\/582","targetHints":{"allow":["GET"]}}],"collection":[{"href":"https:\/\/ateny.jezuici.pl\/index.php?rest_route=\/wp\/v2\/pages"}],"about":[{"href":"https:\/\/ateny.jezuici.pl\/index.php?rest_route=\/wp\/v2\/types\/page"}],"author":[{"embeddable":true,"href":"https:\/\/ateny.jezuici.pl\/index.php?rest_route=\/wp\/v2\/users\/228"}],"replies":[{"embeddable":true,"href":"https:\/\/ateny.jezuici.pl\/index.php?rest_route=%2Fwp%2Fv2%2Fcomments&post=582"}],"version-history":[{"count":0,"href":"https:\/\/ateny.jezuici.pl\/index.php?rest_route=\/wp\/v2\/pages\/582\/revisions"}],"up":[{"embeddable":true,"href":"https:\/\/ateny.jezuici.pl\/index.php?rest_route=\/wp\/v2\/pages\/417"}],"wp:attachment":[{"href":"https:\/\/ateny.jezuici.pl\/index.php?rest_route=%2Fwp%2Fv2%2Fmedia&parent=582"}],"curies":[{"name":"wp","href":"https:\/\/api.w.org\/{rel}","templated":true}]}}