{"id":4276,"date":"2012-10-04T03:37:12","date_gmt":"2012-10-04T03:37:12","guid":{"rendered":"http:\/\/www.ateny.deon.pl\/?page_id=4276"},"modified":"2012-10-04T03:38:59","modified_gmt":"2012-10-04T03:38:59","slug":"pielgrzymka-z-rozancem-w-reku-2006","status":"publish","type":"page","link":"https:\/\/ateny.jezuici.pl\/?page_id=4276","title":{"rendered":"Pielgrzymka z r\u00f3\u017ca\u0144cem w r\u0119ku 2006"},"content":{"rendered":"<p style=\"text-align: center;\"><img loading=\"lazy\" decoding=\"async\" alt=\"\" height=\"360\" src=\"https:\/\/ateny.jezuici.pl\/files\/keratea860.jpg\" width=\"500\" \/><\/p>\n<p style=\"text-align: justify;\"><span style=\"font-size:18px;\">Dnia 8 pa\u017adziernika 2006 roku katolickie wsp&oacute;lnoty parafialne archidiecezji ate\u0144skiej prze\u017cy\u0142y r&oacute;\u017caniec i Msz\u0119 \u015bw. w Plaka Kerateas. W duchu wiary spotkali si\u0119 rodowici Grecy jak i katoliccy emigranci z r&oacute;\u017cnych stron \u015bwiata wsp&oacute;\u0142tworz\u0105cy miejscowy Ko\u015bci&oacute;\u0142. Pod przewodnictwem arcybiskupa Miko\u0142aja Foskolosa odmawiano r&oacute;\u017caniec w r&oacute;\u017cnych j\u0119zykach. Id\u0105c w procesji w ca\u0142kowitym skupieniu rozwa\u017cali\u015bmy dwie cz\u0119\u015bci r&oacute;\u017ca\u0144ca: cz\u0119\u015b\u0107 \u015bwiat\u0142a i cz\u0119\u015b\u0107 chwalebn\u0105. Naszej wsp&oacute;lnocie parafialnej przypad\u0142 &bdquo;dziesi\u0105tek&rdquo; trzeciej tajemnicy cz\u0119\u015bci \u015bwiat\u0142a, zako\u0144czony \u015bpiewem &bdquo;Czarna Madonna&rdquo;. Tej wsp&oacute;lnocie sk\u0142adaj\u0105cej si\u0119 z 15 Grek&oacute;w i 75 Polak&oacute;w towarzyszy\u0142 proboszcz parafii o. Dimitrios Dalezios oraz o. Andrzej Pe\u0142ka.<\/span><\/p>\n<p style=\"text-align: center;\"><span style=\"font-size:18px;\"><img loading=\"lazy\" decoding=\"async\" alt=\"\" height=\"322\" src=\"https:\/\/ateny.jezuici.pl\/files\/keratea858.jpg\" width=\"500\" \/><br \/>\n\t<\/span><\/p>\n<p style=\"text-align: justify;\"><span style=\"font-size:18px;\">Po doj\u015bciu na wzg&oacute;rze, gdzie mie\u015bci si\u0119 kaplica z Matk\u0105 Bo\u017c\u0105 z Karmelu, uczestniczyli\u015bmy we Mszy \u015bw. sprawowanej przez Arcybiskupa Miko\u0142aja i przez 8 kap\u0142an&oacute;w. Oprawa liturgiczna wzbudza\u0142a podziw, a szczeg&oacute;lnie zesp&oacute;\u0142 muzyczny i ch&oacute;r. Wspaniale \u015bpiewali i grali, a przede wszystkim wci\u0105gali lud w liturgiczny \u015bpiew. Kilku ministrant&oacute;w i lektor&oacute;w z naszej parafii s\u0142u\u017cy\u0142o do Mszy \u015bw.<\/span><\/p>\n<p style=\"text-align: center;\"><span style=\"font-size:18px;\"><img loading=\"lazy\" decoding=\"async\" alt=\"\" height=\"365\" src=\"https:\/\/ateny.jezuici.pl\/files\/keratea851.jpg\" width=\"500\" \/><br \/>\n\t<\/span><\/p>\n<p style=\"text-align: justify;\"><span style=\"font-size:18px;\">A co czuj\u0119 w sercu? &#8211; Rado\u015b\u0107, \u017ce wielu parafian w ko\u0144cu wybra\u0142o si\u0119 na pielgrzymk\u0119, niekt&oacute;rzy z ca\u0142\u0105 rodzin\u0105. W\u015br&oacute;d pierwszych zapisanych na li\u015bcie znalaz\u0142a si\u0119 rodzina Jurczak&oacute;w, p. Anna i Sylwester z dwojgiem dzieci, Sylwi\u0105 i Patrykiem. &#8211; Wdzi\u0119czno\u015b\u0107 Bogu za s\u0142oneczn\u0105 pogod\u0119, bo w sobot\u0119, dzie\u0144 przed pielgrzymk\u0105, la\u0142o z nieba i w poniedzia\u0142ek, po pielgrzymce, te\u017c nie\u017ale zrosi\u0142o ziemi\u0119. &#8211; Podziw dla tych, co sp&oacute;\u017anili si\u0119 na autobus, a potem w\u0142asnym samochodem lub taks&oacute;wk\u0105 pr&oacute;bowali dotrze\u0107 na miejsce pielgrzymki. &#8211; Kropelka \u017calu, \u017ce niekt&oacute;rzy z parafian, b\u0119d\u0105cy w r&oacute;\u017cnych grupach parafialnych, nie do ko\u0144ca rozumiej\u0105 sens diecezjalnych modlitw i nie garn\u0105 si\u0119 ochoczo do takich wyjazd&oacute;w.<\/span><\/p>\n<p style=\"text-align: right;\"><span style=\"font-size:18px;\"><em>AP<\/em><\/span><\/p>\n<p style=\"text-align: center;\"><img loading=\"lazy\" decoding=\"async\" alt=\"\" height=\"400\" src=\"https:\/\/ateny.jezuici.pl\/files\/keratea901-witraz.jpg\" width=\"246\" \/><\/p>\n","protected":false},"excerpt":{"rendered":"<p>Dnia 8 pa\u017adziernika 2006 roku katolickie wsp&oacute;lnoty parafialne archidiecezji ate\u0144skiej prze\u017cy\u0142y r&oacute;\u017caniec i Msz\u0119 \u015bw. w Plaka Kerateas. W duchu wiary spotkali si\u0119 rodowici Grecy jak i katoliccy emigranci z r&oacute;\u017cnych stron \u015bwiata wsp&oacute;\u0142tworz\u0105cy miejscowy Ko\u015bci&oacute;\u0142. Pod przewodnictwem arcybiskupa Miko\u0142aja Foskolosa odmawiano r&oacute;\u017caniec w r&oacute;\u017cnych j\u0119zykach. Id\u0105c w procesji w ca\u0142kowitym skupieniu rozwa\u017cali\u015bmy dwie cz\u0119\u015bci [&hellip;]<\/p>\n","protected":false},"author":228,"featured_media":0,"parent":237,"menu_order":4,"comment_status":"closed","ping_status":"closed","template":"","meta":{"ngg_post_thumbnail":0,"footnotes":""},"class_list":["post-4276","page","type-page","status-publish","hentry"],"aioseo_notices":[],"_links":{"self":[{"href":"https:\/\/ateny.jezuici.pl\/index.php?rest_route=\/wp\/v2\/pages\/4276","targetHints":{"allow":["GET"]}}],"collection":[{"href":"https:\/\/ateny.jezuici.pl\/index.php?rest_route=\/wp\/v2\/pages"}],"about":[{"href":"https:\/\/ateny.jezuici.pl\/index.php?rest_route=\/wp\/v2\/types\/page"}],"author":[{"embeddable":true,"href":"https:\/\/ateny.jezuici.pl\/index.php?rest_route=\/wp\/v2\/users\/228"}],"replies":[{"embeddable":true,"href":"https:\/\/ateny.jezuici.pl\/index.php?rest_route=%2Fwp%2Fv2%2Fcomments&post=4276"}],"version-history":[{"count":0,"href":"https:\/\/ateny.jezuici.pl\/index.php?rest_route=\/wp\/v2\/pages\/4276\/revisions"}],"up":[{"embeddable":true,"href":"https:\/\/ateny.jezuici.pl\/index.php?rest_route=\/wp\/v2\/pages\/237"}],"wp:attachment":[{"href":"https:\/\/ateny.jezuici.pl\/index.php?rest_route=%2Fwp%2Fv2%2Fmedia&parent=4276"}],"curies":[{"name":"wp","href":"https:\/\/api.w.org\/{rel}","templated":true}]}}