{"id":288,"date":"2011-03-19T21:10:43","date_gmt":"2011-03-19T21:10:43","guid":{"rendered":"http:\/\/www.ateny.deon.pl\/?page_id=288"},"modified":"2023-09-16T18:15:49","modified_gmt":"2023-09-16T15:15:49","slug":"ogloszenia-parafialne","status":"publish","type":"page","link":"https:\/\/ateny.jezuici.pl\/?page_id=288","title":{"rendered":"Og\u0142oszenia r\u00f3\u017cne"},"content":{"rendered":"<div><span style=\"font-size: 18px\"><span style=\"color: #ffa500\"><b>Program nabo\u017ce\u0144stw w j\u0119zyku polskim:<\/b><\/span><\/span><\/div>\n<div><span style=\"font-size: 18px\">&nbsp;<\/span><\/div>\n<div><strong><span style=\"font-size: 18px\">Msze \u015bw. w dni powszednie: <\/span><\/strong><\/div>\n<div><strong><span style=\"font-size: 18px\">poniedzia\u0142ek, wtorek, czwartek:&nbsp;&nbsp;&nbsp; <span style=\"color: #ffa500\">19:00<\/span><\/span><\/strong><\/div>\n<div>&nbsp;<\/div>\n<div>&nbsp;<\/div>\n<div><strong><span style=\"font-size: 18px\">Msze \u015bw. niedzielne:<\/span><\/strong><\/div>\n<div>&nbsp;<\/div>\n<div><strong><span style=\"font-size: 18px\">Sobota:&nbsp;&nbsp;&nbsp;&nbsp;&nbsp;&nbsp;&nbsp;&nbsp;&nbsp; <\/span><span style=\"font-size: 18px\"><span style=\"color: #ffa500\">19:00 (polsko grecka lub grecko-polska)<br \/>\n<\/span><\/span><\/strong><\/div>\n<div><span style=\"font-size: 18px\"><strong>Niedziela: &nbsp; &nbsp; &nbsp;&nbsp; <\/strong><b><span style=\"color: #ffa500\">9:30<\/span>&nbsp;&nbsp;&nbsp;&nbsp; <span style=\"color: #ffa500\">12:30 (druga po\u0142owa wrze\u015bnia &#8211; pierwsza po\u0142owa czerwca)<\/span> &nbsp;&nbsp;&nbsp; <span style=\"color: #ffa500\">19:00<\/span><br \/>\n<\/b><\/span><\/div>\n<div>&nbsp;<\/div>\n<div><span style=\"font-size: 18px\"><strong>Adoracja Naj\u015bwi\u0119tszego Sakramentu<\/strong> w niedziele i poniedzia\u0142ki o g. 18:00.<\/span><\/div>\n<div><span style=\"font-size: 18px\">&nbsp;<\/span><\/div>\n<div><span style=\"font-size: 18px\"><b>Spowied\u017a <\/b>rozpoczynamy zwykle p\u00f3\u0142 godziny przed ka\u017cd\u0105 Msz\u0105 w j\u0119zyku polskim.<\/span><\/div>\n<div><span style=\"font-size: 18px\">O spowied\u017a mo\u017cna te\u017c poprosi\u0107 po Mszy \u015bw. lub um\u00f3wi\u0107 si\u0119 indywidualnie na inny dogodny termin.<br \/>\n<\/span><\/div>\n<div><span style=\"font-size: 18px\">&nbsp;<\/span><\/div>\n<div><span style=\"font-size: 18px\"><b>Kancelaria parafialna<\/b><\/span><\/div>\n<div><span style=\"font-size: 18px\">jest otwarta po Mszach \u015bw. w j\u0119zyku polskim. <\/span><\/div>\n<div>&nbsp;<\/div>\n<div><span style=\"font-size: 18px\">Mo\u017cna si\u0119 te\u017c um\u00f3wi\u0107 na dogodny termin z o. Marcinem Baranem SJ, tel<\/span><span style=\"font-size: 18px\">efon:&nbsp;<b> + 30 697.8286.094<\/b><\/span><\/div>\n<p><a href=\"http:\/\/www.ateny.jezuici.pl\/?cat=7\"><img loading=\"lazy\" decoding=\"async\" class=\"aligncenter size-medium wp-image-2168\" style=\"border: none\" title=\"PROSZ\u0118 KLIKN\u0104\u0106\" src=\"https:\/\/ateny.jezuici.pl\/files\/2011\/03\/Logo-Parafii-na-ston\u0119-du\u017ce-300x300.png\" alt=\"PROSZ\u0118 KLIKN\u0104\u0106\" width=\"300\" height=\"300\"><\/a><\/p>\n<p style=\"text-align: center\"><a href=\"http:\/\/www.ateny.jezuici.pl\/?cat=7\"><span style=\"font-size: 18px\"><span style=\"font-family: verdana,geneva,sans-serif\">&nbsp;<\/span><\/span><\/a><\/p>\n","protected":false},"excerpt":{"rendered":"<p>Program nabo\u017ce\u0144stw w j\u0119zyku polskim: &nbsp; Msze \u015bw. w dni powszednie: poniedzia\u0142ek, wtorek, czwartek:&nbsp;&nbsp;&nbsp; 19:00 &nbsp; &nbsp; Msze \u015bw. niedzielne: &nbsp; Sobota:&nbsp;&nbsp;&nbsp;&nbsp;&nbsp;&nbsp;&nbsp;&nbsp;&nbsp; 19:00 (polsko grecka lub grecko-polska) Niedziela: &nbsp; &nbsp; &nbsp;&nbsp; 9:30&nbsp;&nbsp;&nbsp;&nbsp; 12:30 (druga po\u0142owa wrze\u015bnia &#8211; pierwsza po\u0142owa czerwca) &nbsp;&nbsp;&nbsp; 19:00 &nbsp; Adoracja Naj\u015bwi\u0119tszego Sakramentu w niedziele i poniedzia\u0142ki o g. 18:00. &nbsp; Spowied\u017a [&hellip;]<\/p>\n","protected":false},"author":228,"featured_media":0,"parent":233,"menu_order":2,"comment_status":"closed","ping_status":"closed","template":"","meta":{"ngg_post_thumbnail":0,"footnotes":""},"class_list":["post-288","page","type-page","status-publish","hentry"],"aioseo_notices":[],"_links":{"self":[{"href":"https:\/\/ateny.jezuici.pl\/index.php?rest_route=\/wp\/v2\/pages\/288","targetHints":{"allow":["GET"]}}],"collection":[{"href":"https:\/\/ateny.jezuici.pl\/index.php?rest_route=\/wp\/v2\/pages"}],"about":[{"href":"https:\/\/ateny.jezuici.pl\/index.php?rest_route=\/wp\/v2\/types\/page"}],"author":[{"embeddable":true,"href":"https:\/\/ateny.jezuici.pl\/index.php?rest_route=\/wp\/v2\/users\/228"}],"replies":[{"embeddable":true,"href":"https:\/\/ateny.jezuici.pl\/index.php?rest_route=%2Fwp%2Fv2%2Fcomments&post=288"}],"version-history":[{"count":13,"href":"https:\/\/ateny.jezuici.pl\/index.php?rest_route=\/wp\/v2\/pages\/288\/revisions"}],"predecessor-version":[{"id":9396,"href":"https:\/\/ateny.jezuici.pl\/index.php?rest_route=\/wp\/v2\/pages\/288\/revisions\/9396"}],"up":[{"embeddable":true,"href":"https:\/\/ateny.jezuici.pl\/index.php?rest_route=\/wp\/v2\/pages\/233"}],"wp:attachment":[{"href":"https:\/\/ateny.jezuici.pl\/index.php?rest_route=%2Fwp%2Fv2%2Fmedia&parent=288"}],"curies":[{"name":"wp","href":"https:\/\/api.w.org\/{rel}","templated":true}]}}

Ogłoszenia różne

<div><span style="font-size: 18px"><span style="color: #ffa500"><b>Program nabożeństw w języku polskim:</b></span></span></div>
<div><span style="font-size: 18px">&nbsp;</span></div>
<div><strong><span style="font-size: 18px">Msze św. w dni powszednie: </span></strong></div>
<div><strong><span style="font-size: 18px">poniedziałek, wtorek, czwartek:&nbsp;&nbsp;&nbsp; <span style="color: #ffa500">19:00</span></span></strong></div>
<div>&nbsp;</div>
<div>&nbsp;</div>
<div><strong><span style="font-size: 18px">Msze św. niedzielne:</span></strong></div>
<div>&nbsp;</div>
<div><strong><span style="font-size: 18px">Sobota:&nbsp;&nbsp;&nbsp;&nbsp;&nbsp;&nbsp;&nbsp;&nbsp;&nbsp; </span><span style="font-size: 18px"><span style="color: #ffa500">19:00 (polsko grecka lub grecko-polska)<br />
</span></span></strong></div>
<div><span style="font-size: 18px"><strong>Niedziela: &nbsp; &nbsp; &nbsp;&nbsp; </strong><b><span style="color: #ffa500">9:30</span>&nbsp;&nbsp;&nbsp;&nbsp; <span style="color: #ffa500">12:30 (druga połowa września &#8211; pierwsza połowa czerwca)</span> &nbsp;&nbsp;&nbsp; <span style="color: #ffa500">19:00</span><br />
</b></span></div>
<div>&nbsp;</div>
<div><span style="font-size: 18px"><strong>Adoracja Najświętszego Sakramentu</strong> w niedziele i poniedziałki o g. 18:00.</span></div>
<div><span style="font-size: 18px">&nbsp;</span></div>
<div><span style="font-size: 18px"><b>Spowiedź </b>rozpoczynamy zwykle pół godziny przed każdą Mszą w języku polskim.</span></div>
<div><span style="font-size: 18px">O spowiedź można też poprosić po Mszy św. lub umówić się indywidualnie na inny dogodny termin.<br />
</span></div>
<div><span style="font-size: 18px">&nbsp;</span></div>
<div><span style="font-size: 18px"><b>Kancelaria parafialna</b></span></div>
<div><span style="font-size: 18px">jest otwarta po Mszach św. w języku polskim. </span></div>
<div>&nbsp;</div>
<div><span style="font-size: 18px">Można się też umówić na dogodny termin z o. Marcinem Baranem SJ, tel</span><span style="font-size: 18px">efon:&nbsp;<b> + 30 697.8286.094</b></span></div>
<p><a href="http://www.ateny.jezuici.pl/?cat=7"><img loading="lazy" decoding="async" class="aligncenter size-medium wp-image-2168" style="border: none" title="PROSZĘ KLIKNĄĆ" src="https://ateny.jezuici.pl/files/2011/03/Logo-Parafii-na-stonę-duże-300x300.png" alt="PROSZĘ KLIKNĄĆ" width="300" height="300"></a></p>
<p style="text-align: center"><a href="http://www.ateny.jezuici.pl/?cat=7"><span style="font-size: 18px"><span style="font-family: verdana,geneva,sans-serif">&nbsp;</span></span></a></p>

<p>Program nabożeństw w języku polskim: &nbsp; Msze św. w dni powszednie: poniedziałek, wtorek, czwartek:&nbsp;&nbsp;&nbsp; 19:00 &nbsp; &nbsp; Msze św. niedzielne: &nbsp; Sobota:&nbsp;&nbsp;&nbsp;&nbsp;&nbsp;&nbsp;&nbsp;&nbsp;&nbsp; 19:00 (polsko grecka lub grecko-polska) Niedziela: &nbsp; &nbsp; &nbsp;&nbsp; 9:30&nbsp;&nbsp;&nbsp;&nbsp; 12:30 (druga połowa września &#8211; pierwsza połowa czerwca) &nbsp;&nbsp;&nbsp; 19:00 &nbsp; Adoracja Najświętszego Sakramentu w niedziele i poniedziałki o g. 18:00. &nbsp; Spowiedź [&hellip;]</p>
