{"id":2817,"date":"2011-10-08T09:37:04","date_gmt":"2011-10-08T09:37:04","guid":{"rendered":"http:\/\/www.ateny.deon.pl\/?page_id=2817"},"modified":"2020-05-15T22:09:20","modified_gmt":"2020-05-15T19:09:20","slug":"sakrament-malzenstwa","status":"publish","type":"page","link":"https:\/\/ateny.jezuici.pl\/?page_id=2817","title":{"rendered":"Sakrament Ma\u0142\u017ce\u0144stwa"},"content":{"rendered":"<p><!-- [if gte mso 9]><xml>\n<w:WordDocument>\n<w:View>Normal<\/w:View>\n<w:Zoom>0<\/w:Zoom>\n<w:HyphenationZone>21<\/w:HyphenationZone>\n<w:PunctuationKerning\/>\n<w:ValidateAgainstSchemas\/>\n<w:SaveIfXMLInvalid>false<\/w:SaveIfXMLInvalid>\n<w:IgnoreMixedContent>false<\/w:IgnoreMixedContent>\n<w:AlwaysShowPlaceholderText>false<\/w:AlwaysShowPlaceholderText>\n<w:Compatibility>\n<w:BreakWrappedTables\/>\n<w:SnapToGridInCell\/>\n<w:WrapTextWithPunct\/>\n<w:UseAsianBreakRules\/>\n<w:DontGrowAutofit\/>\n<\/w:Compatibility>\n<w:BrowserLevel>MicrosoftInternetExplorer4<\/w:BrowserLevel>\n<\/w:WordDocument>\n<\/xml><![endif]--><!-- [if gte mso 9]><xml>\n<w:LatentStyles DefLockedState=\"false\" LatentStyleCount=\"156\">\n<\/w:LatentStyles>\n<\/xml><![endif]--><!-- [if gte mso 10]>\n\n\n\n<style>\n \/* Style Definitions *\/\n table.MsoNormalTable\n\t{mso-style-name:Standardowy;\n\tmso-tstyle-rowband-size:0;\n\tmso-tstyle-colband-size:0;\n\tmso-style-noshow:yes;\n\tmso-style-parent:\"\";\n\tmso-padding-alt:0cm 5.4pt 0cm 5.4pt;\n\tmso-para-margin:0cm;\n\tmso-para-margin-bottom:.0001pt;\n\tmso-pagination:widow-orphan;\n\tfont-size:10.0pt;\n\tfont-family:\"Times New Roman\";\n\tmso-ansi-language:#0400;\n\tmso-fareast-language:#0400;\n\tmso-bidi-language:#0400;}\n<\/style>\n\n\n\n<![endif]--><\/p>\n<p style=\"text-align: justify;\"><a href=\"http:\/\/www.jacek-pulikowski.izajasz.pl\/konferencje-mp3-budowanie_komunii_w_malzenstwie.html\" target=\"_blank\" rel=\"noopener noreferrer\"><span style=\"font-size: 18px;\"><span style=\"font-family: verdana,geneva,sans-serif;\"><strong>Polecane konferencje pana Jacka Pulikowskiego &#8211; DO POBRANIA<\/strong><\/span><\/span><br \/>\n<\/a><\/p>\n<p style=\"text-align: justify;\"><span style=\"font-size: 18px;\"><span style=\"font-family: verdana,geneva,sans-serif;\"><span style=\"color: #ffa500;\"><strong>Kurs przedma\u0142\u017ce\u0144ski<\/strong><\/span> w j\u0119zyku greckim prowadzi ks. Theodoros Kondidis.\u00a0<\/span><\/span><\/p>\n<p style=\"text-align: justify;\"><span style=\"font-size: 18px;\"><span style=\"font-family: verdana,geneva,sans-serif;\">Kontakt: <strong>693.734.9906<\/strong> lub <strong>210.8835.911<\/strong> wewn. <strong>116<\/strong>.<\/span><\/span><\/p>\n<p style=\"text-align: center;\"><a href=\"http:\/\/reflection.cba.pl\/\"><img loading=\"lazy\" decoding=\"async\" class=\"aligncenter  wp-image-5579\" src=\"https:\/\/ateny.jezuici.pl\/files\/2011\/10\/484803_203842783072921_955728273_n.png\" alt=\"PhotoReflection\" width=\"566\" height=\"209\" srcset=\"https:\/\/ateny.jezuici.pl\/files\/2011\/10\/484803_203842783072921_955728273_n.png 851w, https:\/\/ateny.jezuici.pl\/files\/2011\/10\/484803_203842783072921_955728273_n-300x111.png 300w\" sizes=\"auto, (max-width: 566px) 100vw, 566px\" \/><\/a><\/p>\n","protected":false},"excerpt":{"rendered":"<p>Polecane konferencje pana Jacka Pulikowskiego &#8211; DO POBRANIA Kurs przedma\u0142\u017ce\u0144ski w j\u0119zyku greckim prowadzi ks. Theodoros Kondidis.\u00a0 Kontakt: 693.734.9906 lub 210.8835.911 wewn. 116.<\/p>\n","protected":false},"author":228,"featured_media":0,"parent":233,"menu_order":6,"comment_status":"closed","ping_status":"closed","template":"","meta":{"ngg_post_thumbnail":0,"footnotes":""},"class_list":["post-2817","page","type-page","status-publish","hentry"],"aioseo_notices":[],"_links":{"self":[{"href":"https:\/\/ateny.jezuici.pl\/index.php?rest_route=\/wp\/v2\/pages\/2817","targetHints":{"allow":["GET"]}}],"collection":[{"href":"https:\/\/ateny.jezuici.pl\/index.php?rest_route=\/wp\/v2\/pages"}],"about":[{"href":"https:\/\/ateny.jezuici.pl\/index.php?rest_route=\/wp\/v2\/types\/page"}],"author":[{"embeddable":true,"href":"https:\/\/ateny.jezuici.pl\/index.php?rest_route=\/wp\/v2\/users\/228"}],"replies":[{"embeddable":true,"href":"https:\/\/ateny.jezuici.pl\/index.php?rest_route=%2Fwp%2Fv2%2Fcomments&post=2817"}],"version-history":[{"count":1,"href":"https:\/\/ateny.jezuici.pl\/index.php?rest_route=\/wp\/v2\/pages\/2817\/revisions"}],"predecessor-version":[{"id":7567,"href":"https:\/\/ateny.jezuici.pl\/index.php?rest_route=\/wp\/v2\/pages\/2817\/revisions\/7567"}],"up":[{"embeddable":true,"href":"https:\/\/ateny.jezuici.pl\/index.php?rest_route=\/wp\/v2\/pages\/233"}],"wp:attachment":[{"href":"https:\/\/ateny.jezuici.pl\/index.php?rest_route=%2Fwp%2Fv2%2Fmedia&parent=2817"}],"curies":[{"name":"wp","href":"https:\/\/api.w.org\/{rel}","templated":true}]}}